{"id":158,"date":"2023-02-08T13:44:46","date_gmt":"2023-02-08T12:44:46","guid":{"rendered":"https:\/\/maciejsmolinski.pl\/?page_id=158"},"modified":"2025-08-18T12:15:43","modified_gmt":"2025-08-18T10:15:43","slug":"home-2","status":"publish","type":"page","link":"https:\/\/maciejsmolinski.pl\/","title":{"rendered":"Home"},"content":{"rendered":"<!-- wp:themify-builder\/canvas \/-->","protected":false},"excerpt":{"rendered":"","protected":false},"author":1,"featured_media":0,"parent":0,"menu_order":0,"comment_status":"closed","ping_status":"closed","template":"","meta":{"footnotes":""},"class_list":["post-158","page","type-page","status-publish","hentry","has-post-title","has-post-date","has-post-category","has-post-tag","has-post-comment","has-post-author",""],"builder_content":"<img src=\"https:\/\/maciejsmolinski.pl\/wp-content\/uploads\/2024\/12\/maciej-logo-yellow-1.svg\" title=\"maciej-logo-yellow\" alt=\"maciej-logo-yellow\">\n<a href=\"#about\" > O MNIE <\/a> <a href=\"#kontakt\" > KONTAKT <\/a>\n<img src=\"https:\/\/maciejsmolinski.pl\/wp-content\/uploads\/2025\/01\/471738845_2660043844181715_1553661901807514025_n.jpg\" title=\"471738845_2660043844181715_1553661901807514025_n\" alt=\"471738845_2660043844181715_1553661901807514025_n\" srcset=\"https:\/\/maciejsmolinski.pl\/wp-content\/uploads\/2025\/01\/471738845_2660043844181715_1553661901807514025_n.jpg 1536w, https:\/\/maciejsmolinski.pl\/wp-content\/uploads\/2025\/01\/471738845_2660043844181715_1553661901807514025_n-225x300.jpg 225w, https:\/\/maciejsmolinski.pl\/wp-content\/uploads\/2025\/01\/471738845_2660043844181715_1553661901807514025_n-768x1024.jpg 768w, https:\/\/maciejsmolinski.pl\/wp-content\/uploads\/2025\/01\/471738845_2660043844181715_1553661901807514025_n-1152x1536.jpg 1152w\" sizes=\"(max-width: 1536px) 100vw, 1536px\" \/>\n<h2>Maciej Smoli\u0144ski<\/h2> to jedna z najbardziej rozpoznawalnych twarzy disco polo. Od 14 lat jest prezenterem telewizji Polo tv. Charyzmatyczny wokalista, kt\u00f3ry swoj\u0105 pasj\u0105 do muzyki porwa\u0142 serca tysi\u0119cy fan\u00f3w. Jego energetyczne utwory i wyj\u0105tkowa interakcja z publiczno\u015bci\u0105 sprawiaj\u0105, \u017ce ka\u017cdy koncert to niezapomniane prze\u017cycie.\u00a0 \u00a0 Zwi\u0105zany z bran\u017c\u0105 muzyczn\u0105 od lat, Maciej z sukcesami tworzy hity, kt\u00f3re podbijaj\u0105 listy przeboj\u00f3w i kr\u00f3luj\u0105 na parkietach w ca\u0142ej Polsce. Jego teledyski nagrywane s\u0105 w Stanach Zjednoczonych, gdzie od lat realizuje swoje trasy koncertowe. \u00a0 Znany ze swojego u\u015bmiechu, profesjonalizmu i niesamowitej scenicznej charyzmy, jest gwarancj\u0105 \u015bwietnej zabawy na ka\u017cdym wydarzeniu. \u00a0 <p><b>Poznaj pr\u00f3bk\u0119 jego artystycznych mo\u017cliwo\u015bci:<\/b><\/p>\n<h3>na \u017cywo<br\/>Zobacz Macieja w akcji!<\/h3>\n[gallery ids=\"290,289,288,287,286\"]\n<img src=\"https:\/\/maciejsmolinski.pl\/wp-content\/uploads\/2024\/12\/maciej-logo-yellow-1.svg\" width=\"400\" title=\"maciej-logo-yellow\" alt=\"maciej-logo-yellow\">\n<h3>\u201eWokalista, kt\u00f3ry wie, jak rozgrza\u0107 publiczno\u015b\u0107 w ka\u017cdym wieku! Polacy pokochali go jako prezentera telewizyjnego, a on odwdzi\u0119czy\u0142 si\u0119 swoj\u0105 muzyk\u0105. Jego repertuar to mieszanka rytmicznych przeboj\u00f3w, romantycznych ballad i energetycznych hit\u00f3w, kt\u00f3re z \u0142atwo\u015bci\u0105 wpadaj\u0105 w ucho. Od lat zachwyca fan\u00f3w swoim talentem, a jego koncerty to prawdziwy spektakl, pe\u0142en emocji, ta\u0144ca i niezapomnianych chwil.\u201d<\/h3>\n<a href=\"#kontakt\" > booking <\/a>\n<h3>NADCHODZ\u0104CE WYDARZENIA<br\/>SPOTKAJMY SI\u0118 NA \u017bYWO!<\/h3>\n<a href=\"https:\/\/maciejsmolinski.pl\/wp-content\/uploads\/2024\/12\/IMG_8360-scaled.jpeg\"> <img src=\"https:\/\/maciejsmolinski.pl\/wp-content\/uploads\/2024\/12\/IMG_8360-1024x683-675x600.jpeg\" width=\"675\" height=\"600\" title=\"IMG_8360\" alt=\"IMG_8360\"> <\/a>\n<a href=\"https:\/\/maciejsmolinski.pl\/wp-content\/uploads\/2024\/12\/Na-rudo-scaled.jpeg\"> <img src=\"https:\/\/maciejsmolinski.pl\/wp-content\/uploads\/2024\/12\/Na-rudo-768x1024-475x615.jpeg\" width=\"475\" height=\"615\" title=\"Na rudo\" alt=\"Na rudo\"> <\/a>\n<a href=\"https:\/\/maciejsmolinski.pl\/wp-content\/uploads\/2024\/12\/IMG_8348-scaled.jpeg\"> <img src=\"https:\/\/maciejsmolinski.pl\/wp-content\/uploads\/2024\/12\/IMG_8348-1024x683-379x295.jpeg\" width=\"379\" height=\"295\" title=\"IMG_8348\" alt=\"IMG_8348\"> <\/a>\n<a href=\"https:\/\/maciejsmolinski.pl\/wp-content\/uploads\/2024\/12\/59CCA3F3-1F3F-47C8-9BE2-2A81805A201A-scaled.jpeg\"> <img src=\"https:\/\/maciejsmolinski.pl\/wp-content\/uploads\/2024\/12\/59CCA3F3-1F3F-47C8-9BE2-2A81805A201A-902x1024-379x295.jpeg\" width=\"379\" height=\"295\" title=\"59CCA3F3-1F3F-47C8-9BE2-2A81805A201A\" alt=\"59CCA3F3-1F3F-47C8-9BE2-2A81805A201A\"> <\/a>\n<a href=\"https:\/\/maciejsmolinski.pl\/wp-content\/uploads\/2024\/12\/ASR03677.jpg\"> <img src=\"https:\/\/maciejsmolinski.pl\/wp-content\/uploads\/2024\/12\/ASR03677-1024x683-379x295.jpg\" width=\"379\" height=\"295\" title=\"ASR03677\" alt=\"ASR03677\"> <\/a>\n<h3>NASZE TELEDYSKI<br\/>Poznaj nasz\u0105 muzyk\u0119:<\/h3>\n<p style=\"text-align: center;\"><strong>Zobacz Macieja w akcji! Zobacz nasze teledyski, aby poczu\u0107 przedsmak atmosfery, kt\u00f3r\u0105 wprowadza na scenie.<\/strong><br><strong>Energetyczne wyst\u0119py, u\u015bmiech i pasja \u2013 to w\u0142a\u015bnie wyr\u00f3\u017cnia Macieja na scenie.<\/strong><\/p>\n[embed]https:\/\/www.youtube.com\/watch?v=_Lk-pdBcGMw&#038;list=RD_Lk-pdBcGMw&#038;start_radio=1iBrGBrk?si=Qe5kjBmGx6rl_7Te[\/embed]\n[embed]https:\/\/youtu.be\/ttJaTKnXoDY?si=83j1EfVKsH6Cy6gB[\/embed]\n[embed]https:\/\/www.youtube.com\/watch?v=JisJiBrGBrk[\/embed]\n[embed]https:\/\/www.youtube.com\/watch?v=bpTApVTKx98&#038;list=RDbpTApVTKx98&#038;start_radio=1m\/watch?v=bpTApVTKx98.com\/watch?v=FPPce2D8pYI[\/embed]\n[embed]https:\/\/www.youtube.com\/watch?v=TU5rX2eijpg[\/embed]\n[embed]https:\/\/www.youtube.com\/watch?v=EXWCDKHf2PI[\/embed]\n[embed]https:\/\/youtu.be\/o6mk9hv8vuA?si=Sx-PgN-3vSsa-NJ9[\/embed]\n[embed]https:\/\/youtu.be\/K7-kVFxts7w?si=VcSGPr9W6RPp-V0l[\/embed]\n[embed]https:\/\/youtu.be\/ogqPELzYTKE?si=No4sXBFDVr4O9CnL[\/embed]\n[embed]https:\/\/www.youtube.com\/watch?v=bpTApVTKx98[\/embed]\n[embed]https:\/\/youtu.be\/4elWi_eFN9M?si=fl8bhym__Gf5Pne7[\/embed]\n<h3>KONCERTY<br\/>Chcesz, aby Maciej wyst\u0105pi\u0142 na Twoim wydarzeniu?<\/h3>\n<p>Zorganizuj imprez\u0119, o kt\u00f3rej Twoi go\u015bcie b\u0119d\u0105 m\u00f3wi\u0107 przez lata! Maciej Smoli\u0144ski to artysta, kt\u00f3ry zapewni wyj\u0105tkow\u0105 opraw\u0119 muzyczn\u0105 na Twoim wydarzeniu. Plenerowe koncerty, imprezy firmowe, wesela czy kluby \u2013 niezale\u017cnie od miejsca i okazji, jego wyst\u0119p to gwarancja niezapomnianej zabawy.<\/p>","_links":{"self":[{"href":"https:\/\/maciejsmolinski.pl\/index.php?rest_route=\/wp\/v2\/pages\/158","targetHints":{"allow":["GET"]}}],"collection":[{"href":"https:\/\/maciejsmolinski.pl\/index.php?rest_route=\/wp\/v2\/pages"}],"about":[{"href":"https:\/\/maciejsmolinski.pl\/index.php?rest_route=\/wp\/v2\/types\/page"}],"author":[{"embeddable":true,"href":"https:\/\/maciejsmolinski.pl\/index.php?rest_route=\/wp\/v2\/users\/1"}],"replies":[{"embeddable":true,"href":"https:\/\/maciejsmolinski.pl\/index.php?rest_route=%2Fwp%2Fv2%2Fcomments&post=158"}],"version-history":[{"count":61,"href":"https:\/\/maciejsmolinski.pl\/index.php?rest_route=\/wp\/v2\/pages\/158\/revisions"}],"predecessor-version":[{"id":329,"href":"https:\/\/maciejsmolinski.pl\/index.php?rest_route=\/wp\/v2\/pages\/158\/revisions\/329"}],"wp:attachment":[{"href":"https:\/\/maciejsmolinski.pl\/index.php?rest_route=%2Fwp%2Fv2%2Fmedia&parent=158"}],"curies":[{"name":"wp","href":"https:\/\/api.w.org\/{rel}","templated":true}]}}